5*a. Calculate the remainder when o is divided by 11.
6
Let l(r) = r**3 - 23*r**2 + 21*r + 25. Let p be l(22). Calculate the remainder when (13 + -232)*(10/(-3) + p) is divided by 20.
13
Let y(h) = 188*h**2 - 94*h - 94. Calculate the remainder when 1683 is divided by y(-1).
179
Let x = 23826 + -23808. What is the remainder when 1906 is divided by x?
16
Let x = 18803 - 17963. What is the remainder when x is divided by 224?
168
Suppose 0 = i + 5, -5*r + 2*r - i + 901 = 0. What is the remainder when r is divided by 16?
14
Suppose w + 123 = 4*w. What is the remainder when 5 + ((-5)/(30/(-1704)) - 4) is divided by w?
39
Let y(c) be the first derivative of -5*c**2/2 - 18*c + 1. Let s be (1 + 2 + 17)*73/(-146). What is the remainder when y(s) is divided by 5?
2
Suppose 253*s - 256*s - a = -20273, -4*a = 4*s - 27012. What is the remainder when s is divided by 178?
174
Suppose 923*c = 417*c + 374*c + 1584. Let m = 5 - 7. Calculate the remainder when (535/15)/(m/(-12)) is divided by c.
10
Suppose 0 = -78*k + 31017 - 3015. What is the remainder when k is divided by 91?
86
Let z = 125 + -29. Let x = -63 + z. Calculate the remainder when 230 is divided by x.
32
Let r = 361 + -336. Suppose -58 = -3*s + r*z - 27*z, s + 2*z - 22 = 0. Calculate the remainder when s is divided by 6.
0
Suppose 2182 - 642 = 70*i. What is the remainder when 252 is divided by i?
10
Let n = -65 + 94. Let m(q) = q**3 - 41*q**2 - 70*q + 8137. Calculate the remainder when m(37) is divided by n.
13
Suppose 0 = 5*y - 3*u - 14, 0 = 2*y - 3*y + 2*u. Let n be (-4)/y*(1 - 4). Suppose 13 = -2*m + n*m. Calculate the remainder when m is divided by 5.
3
Suppose -37 = 4*z - 49. Suppose -z*b + 7*b = 204. Calculate the remainder when 150 is divided by b.
48
Suppose -17*f + 0*f = -1309. Suppose 3*p + f = 4*j, p = 3*p + 6. Let x = 8 + j. What is the remainder when 88 is divided by x?
13
Suppose 0 = -17*v - 4*v + 525. Let n(c) = 111*c + 24. Calculate the remainder when n(2) is divided by v.
21
Let a(n) = -3*n + 17. Let h be a(5). Let v be (-1390)/(-15) - 2 - h/3. Let p = -88 + v. What is the remainder when 7 is divided by p?
1
Suppose 192*c + 63*c + 9*c - 6600 = 0. Let o = 144 + -79. Suppose -5*j + 355 = u, 5*u + 349 - o = 4*j. Calculate the remainder when j is divided by c.
21
Suppose -3099 = -4*v - 4*w - 859, 0 = 3*v - 5*w - 1640. Let q = v + -424. Calculate the remainder when q is divided by 27.
23
Suppose 0 = -5*d - 4*o + 46, -14*o = -3*d - 15*o + 29. What is the remainder when 16/d*30/12 is divided by 4?
0
Let r(o) = o**3 + 17*o**2 + 12*o - 12. Let y be r(-16). Suppose y*b = 53*b - 165. Let t = b + -131. What is the remainder when t is divided by 18?
16
Let s(v) = -3*v + 4. Let m = -3391 + 3407. Calculate the remainder when s(-8) is divided by m.
12
Let b = -802 - -966. Calculate the remainder when b is divided by 21.
17
Suppose -2*w + 207*k - 206*k = -40, -4*k = 8. Calculate the remainder when 3509 is divided by w.
13
Calculate the remainder when 1041 is divided by 33*((-95)/(-114) + (-7)/(-6)).
51
What is the remainder when 60/50 + (-98686)/(-95) is divided by 149?
146
Suppose -5 = -c, 194 = z - 3*c + 8*c. What is the remainder when z is divided by 33?
4
Let p be -6 - -1 - -5*1165. Suppose -10*g - 20*g = -p. What is the remainder when g is divided by 28?
26
Suppose 2210*b + 36546 = 120526. Calculate the remainder when (-216)/(-2) - (-1 - -1) is divided by b.
32
Let o = 118 + -55. Let z = 267 - 264. Suppose 3*c + 12 = 0, 0 = -6*u + z*u + 4*c + 115. Calculate the remainder when o is divided by u.
30
Suppose 2*a + 70 = 5*k, -28 = -k - 2*a - 2. Suppose -m + 3*t = -5, -5*t - 5 = -m + 2. What is the remainder when (30 - -1)/(((-13)/m)/(-13)) is divided by k?
14
Let m = -1 + -8. What is the remainder when (4 - 235/20)/(m/36) is divided by 17?
14
Suppose -184 = 11*g - 525. Let r = -158 - -250. What is the remainder when r is divided by g?
30
Suppose -4*w + 753 = 85. Suppose -36*r = 23*r - 7*r - 2912. Calculate the remainder when w is divided by r.
55
What is the remainder when 1303 - ((-2)/(-6) + 90/(-270)) is divided by 260?
3
Suppose -25*f + 1184 + 1116 = 0. Calculate the remainder when 547 is divided by f.
87
Suppose -17*w - 2949 + 10671 = -4*w. Suppose -2*c = 2*z - 34, -2*c = 4*z - 0*c - 60. Calculate the remainder when w is divided by z.
9
Let z(j) = 145*j + 100. Let r be z(-6). Let x = -733 - r. Calculate the remainder when x is divided by 13.
11
Suppose -5*w + a - 56 = -9*w, -w + 14 = -2*a. Suppose v + v = 0. What is the remainder when 1 - (-105)/3 - v is divided by w?
8
Let t = 207 + -207. Suppose 56*s - 71*s + 555 = t. Calculate the remainder when 50 is divided by s.
13
Let h(z) = z**3 - 24*z + z**3 + 217*z**2 - 52 - 144*z**2 - 20*z. What is the remainder when h(-37) is divided by 11?
9
Suppose 19*k - 76 = 15*k. Let f = k + 103. What is the remainder when f is divided by 42?
38
Suppose 0 = 150*o - 461 - 139. Calculate the remainder when 86 is divided by o.
2
Let s = -1126 + 1141. Suppose 2*w = 2*g - 18, -4*g = -7*g + 5*w + 21. Let d = g + -8. What is the remainder when s is divided by d?
3
Let a be 7/2*(13 + -11). Suppose 11*g - 389 = a. Calculate the remainder when 215 is divided by g.
35
Suppose -53*a = -7*a + 58*a - 2184. Calculate the remainder when 353 is divided by a.
17
Suppose -3*t + 2*s = -5795, t - 13*s - 1875 = -s. Calculate the remainder when t is divided by 38.
35
Let g = -12085 - -12169. What is the remainder when 414 is divided by g?
78
Let n(p) = 30*p - 2687. Calculate the remainder when 1298 is divided by n(95).
157
Suppose 0 = 2*r + 2, 5*k + 9 = -0*k - 4*r. Let j = k + 4. Let y(a) = a**2 - 1013*a - 13335. What is the remainder when j is divided by y(-13)?
0
Let n = 42961 + -42871. What is the remainder when 1605 is divided by n?
75
Suppose 0 = 5*x + 47 - 7. Let r be 6*(-5)/(60/x). What is the remainder when 118 is divided by 1/r + 318/8?
38
Let n = -1 - -1. Let l(s) = -s + 16. Let d be l(11). Suppose 2*p + d*v - 31 - 3 = n, -5*v = -3*p + 51. Calculate the remainder when p is divided by 9.
8
Let k(x) = x**3 + 6*x**2 - 2*x - 7. Let w be k(-6). Suppose w*z + 5 = 25. Let y(m) = -15*m - 90. Calculate the remainder when y(-7) is divided by z.
3
Let r(g) = -g + 7. Let a(k) = 4*k**3 - 221*k**2 + 441*k + 2. Calculate the remainder when a(2) is divided by r(-6).
6
Let s = 433 - 253. Suppose 8*f - s = 3*f. Let o(z) = -8*z - 37. Calculate the remainder when o(-22) is divided by f.
31
What is the remainder when 626 is divided by (3*-1)/(-11*9/264)?
2
Let a(o) = -o**3 + 11*o**2 - 10*o + 4. Let l be a(10). Suppose -v - 3*i = -39, -2*i + 4*i - 206 = -l*v. What is the remainder when v is divided by 16?
6
Suppose 5*u - 2*u = -j + 653, -u - 3217 = -5*j. Let r be j/98 + (-8)/14. Suppose 2*n + 36 = r*n. Calculate the remainder when n is divided by 3.
0
Suppose 0 = -3*d, 0*y + y + 5*d = 8. Let w = y - 4. Suppose 8*t - 25 = 31. Calculate the remainder when t is divided by w.
3
Suppose 10 = -l - 4*q + 7*q, -l + 2*q - 5 = 0. Let c = -8 - -27. Suppose 0 = -l*g - 4 + c. Calculate the remainder when g is divided by 1.
0
Let d = -4128 - -4141. Let m(l) = -36*l**3 - l**2 + 3*l + 5. Calculate the remainder when m(-2) is divided by d.
10
Let u = -3656 + 4132. What is the remainder when u is divided by 48?
44
Let n(c) be the third derivative of 0 + 0*c + 5/2*c**3 + 1/120*c**6 - 1/5*c**5 + 11*c**2 + 5/6*c**4. What is the remainder when 43 is divided by n(10)?
13
Let q(c) = c + 4. Let u be q(0). Suppose n - 135 = -3*n - 3*y, -u*n + 5*y + 159 = 0. Calculate the remainder when 213 is divided by n.
33
Let j = -4806 - -5745. What is the remainder when j is divided by 232?
11
Let a(j) = -j**2 + 11*j + 2279. Let c = -2 - -13. What is the remainder when a(-39) is divided by c?
10
Suppose 1716 = 88*k - 32*k + 100*k. What is the remainder when 42 is divided by k?
9
Suppose 2*u + 3*h - 207 = 0, 5*u - 3*h - 546 = -h. Let o be -2 - (-2 - 1) - -1. Calculate the remainder when u is divided by 46/4 + o/(-4).
9
Suppose 4*k + 2 = 3*j - k, -j + 5*k - 6 = 0. Suppose -6 + 18 = j*h. Calculate the remainder when h is divided by (-1 - 0/(-3))*-1.
0
Let r be 160/(-24)*-27*(-16)/6. Calculate the remainder when 69 is divided by (r/90)/((-4)/3).
1
Let b = -135 + 198. Suppose 2*i = 4*m - 496, 5*m + 121*i = 118*i + 620. What is the r